 prime factors of u.
3, 227
Let k(u) = 4228*u + 406. Let a(n) = 604*n + 58. Let x(i) = 20*a(i) - 3*k(i). List the prime factors of x(-2).
2, 5, 23
Let u be (-4)/(-6) + 27680/60. Let o = u + -434. What are the prime factors of o?
2, 7
Let k(m) = -m**3 - 6*m**2 + 17*m + 6. Let u be k(-10). Let h = -161 + u. List the prime factors of h.
3, 5
Suppose -2*j - 5*u + 993 = 0, 5*j - 2*j - 1458 = 3*u. Suppose -1396 = -3*r + 4*c + j, -c = -4*r + 2509. List the prime factors of r.
3, 11, 19
Suppose -8871 = -7*t + 13326. Suppose 11*g - t + 443 = 0. What are the prime factors of g?
2, 31
Suppose 2*f = -y + 9300, 0 = -f - 5 + 8. List the prime factors of y.
2, 3, 1549
Suppose -40*f + 47*f + 49 = 0. Let b(g) = 18*g**2 + 16*g + 93. List the prime factors of b(f).
863
Let k(j) = 4*j - 10 + 4*j - 11*j. Let h be k(-5). Suppose 0 = h*d - 19 - 196. List the prime factors of d.
43
Suppose -853 = -5*w + 97. Let c(x) = x**3 + 7*x**2 - 9*x - 2. Let a be c(-8). Suppose -a*o + w = -5*o. What are the prime factors of o?
2, 5, 19
Let m be -3 + 4 + 0 - -3. Suppose 0 = 3*h - m*o - 391 - 377, -3*h = 3*o - 789. Suppose -q - 88 + h = 0. What are the prime factors of q?
2, 43
Let f(p) = 304*p - 619. List the prime factors of f(60).
67, 263
Let d(o) = -o - 4. Let b be d(-3). Let k be ((-1)/(3 + 518/(-173)))/b. Suppose -78 + 518 = 5*s - 5*m, -2*s = m - k. List the prime factors of s.
3, 29
Suppose g - 4*g = -w + 56, -53 = 3*g - 4*w. List the prime factors of (1286 - g)*4/10.
2, 3, 29
Let l be 108/51 - (-40)/(-340). Suppose -l*f - 5*m + 1025 = 0, -3*m = -f + 2*m + 520. What are the prime factors of f?
5, 103
Suppose 0 = c + 148 + 8. Let p = c - -474. What are the prime factors of p?
2, 3, 53
Let o be (-1 + (-179)/1)/(6/(-392)). List the prime factors of (1/2)/(21/o).
2, 5, 7
Let g(a) = a**3 - 16*a**2 + 10*a - 42. Suppose -6 = -3*s, -100 = -5*b + 4*s - 18. List the prime factors of g(b).
2, 3, 131
Suppose -5*q + 175254 = -f, -136*q + 140*q - 140220 = -2*f. What are the prime factors of q?
2, 3, 23, 127
Suppose -73*b + w - 447039 = -78*b, 2*b - 178812 = -w. List the prime factors of b.
3, 29803
Let b(m) = m**2 - 7*m + 6. Let p be b(6). Suppose p = t - 532 - 140. Suppose -w + 810 = 4*w - 5*j, 2*j = -4*w + t. What are the prime factors of w?
2, 83
Suppose -941004 = -110*l + 3227226. List the prime factors of l.
3, 17, 743
Let s be (23/(161/(-42)))/(-1 - 1). Let i(m) = 16*m**2 + m - 6. Let n be i(s). Suppose -3*u - n = -4*t - 4*u, -2*u - 24 = -t. List the prime factors of t.
2, 17
Let c be (-80)/(-28) - (-5)/35. Suppose c*t + 1694 = 4871. What are the prime factors of t?
3, 353
What are the prime factors of (-63 + 9)/((-5)/((-5100)/(-8)))?
3, 5, 17
Let a be 40545/1105 + 8/26. Let q be (-2)/3 + (-82)/(-6). Let c = a - q. What are the prime factors of c?
2, 3
Let t be (-5*(-12)/10)/(2 - 0). Suppose 10*f - 28 = t*f. Suppose 0*r + f*r - 220 = 0. List the prime factors of r.
5, 11
Let k = 234 + -231. Suppose s + 5*y - 529 = 144, -k*s = -3*y - 2055. List the prime factors of s.
683
Let c = -1683 - -8293. What are the prime factors of c?
2, 5, 661
Let b(n) = n**3 - 22*n**2 - 14*n - 49. Let f(a) = a**3 + 16*a**2 + 10*a - 6. Let q be f(-15). Suppose -q = -32*x + 29*x. What are the prime factors of b(x)?
2, 79
Let w = -64 - -63. Let h be 8 + (0 + w - (11 + -9)). Suppose 4*b + u - 460 = -u, -5*b + 560 = -h*u. What are the prime factors of b?
2, 3, 19
Let p(m) = 3*m - 1 - 5*m + 13*m**2 - 12*m**2. Suppose -2*g + 15 = -5*g + 4*z, 0 = -5*g + 3*z - 14. What are the prime factors of p(g)?
2
Let t = -43607 - -79064. List the prime factors of t.
3, 53, 223
Let d = -7334 - -12478. List the prime factors of d.
2, 643
Suppose 0 = -7*l + 9 - 51. What are the prime factors of 148/l*33/(-2)?
11, 37
Let p(r) = -r**3 - 12*r**2 - 20*r + 4. Let o be p(-10). Let x = o + -2. Suppose x*c - 36 = c - 3*t, -t = 2*c - 72. What are the prime factors of c?
2, 3
List the prime factors of ((-26)/(-65) - 187765/(-25)) + -4.
7507
What are the prime factors of (440/(-150)*(-6)/4)/(172/1093490)?
11, 2543
Let g(t) = 19*t**2 + 45*t + 85. List the prime factors of g(-16).
4229
Let l be 7/(140/3952) + (-33)/55. Suppose 3776 = l*o - 189*o. List the prime factors of o.
2, 59
Suppose s = -5*q + 26 - 2, 4*s + 24 = 4*q. Let k = s + 4. Suppose -k*a - 417 = -3*b + a, 3*a + 9 = 0. List the prime factors of b.
3, 5
What are the prime factors of ((-47)/(-94))/(1/(-14)) - -8706?
8699
Suppose -2*c = 4*r - 114, -3*c - 2 = 1. Let i(b) = 4*b + 0*b + 5*b + r - 3*b. List the prime factors of i(13).
107
Let n(q) = -25*q**3 + q**2 - 1. Let k = -17 + 16. Let b be n(k). Suppose 4*j - b = 3. What are the prime factors of j?
7
Suppose -17*h = -78*h + 1194075. What are the prime factors of h?
3, 5, 29
Let k = 23380 - 8841. List the prime factors of k.
7, 31, 67
Let u(b) = b**3 + 9*b**2 + 8*b - 6. Let s = -8 - 0. Let z be u(s). List the prime factors of (-8)/z*(-1665)/(-30).
2, 37
Let g = -308 - -708. Suppose 111*m = 110*m + g. What are the prime factors of m?
2, 5
Suppose 15*i - 16*i + 4*t = -813, -2*i + 3*t = -1621. Suppose -4*d + i + 109 = 2*a, 5*d + 487 = a. What are the prime factors of a?
467
Suppose d + 4*w = 10, -2*w - 1 = -d + 3*w. Suppose 4*q - 5*a = 111, a - 63 = -2*q + d*a. Suppose -5*f = -q - 421. What are the prime factors of f?
89
Let g be 2 - (28/7 - -44). What are the prime factors of 6336/(-128)*(-1 - g/(-6))?
3, 11, 13
Let o(y) = 38*y + 981. Let s(v) = 19*v + 491. Let f(i) = 4*o(i) - 7*s(i). What are the prime factors of f(0)?
487
Let f(p) = -p**2 - 15*p + 1. Let i be f(-13). Let c = -68 + i. Let a = -29 - c. List the prime factors of a.
2, 3
Let q = 4347 - 2842. What are the prime factors of q?
5, 7, 43
Let w be (-2)/3 + (-10 - (-100)/6). Suppose -3*s = 5*v - 1395, -9*v + 2*s + 856 = -w*v. What are the prime factors of v?
2, 3, 47
Let i be ((-136)/(-10) - 1) + 225/(-375). Suppose i*b = 10*b + 56. Suppose b = -4*f + 680. List the prime factors of f.
163
Suppose 0 = 3*r - k + 214, -r + 3*r - k = -142. Let a = r + 131. Let d = -44 + a. What are the prime factors of d?
3, 5
Let y = -15 - -31. Let u = -10 + y. Suppose 0 = 12*j - u*j - 606. What are the prime factors of j?
101
Suppose 3*j - 6 - 9 = 0. Suppose -6*n = t - n - 464, -j*t = n - 2392. List the prime factors of t.
479
Suppose -3*g = -g + 2. Let l(c) = -c**2 - 1. Let a(r) = -2*r - 3. Let t(u) = g*a(u) - 4*l(u). What are the prime factors of t(3)?
7
Let o = 2372 + 14475. What are the prime factors of o?
17, 991
Suppose 3*s - 3*r = 15432, -s = 17*r - 12*r - 5126. What are the prime factors of s?
53, 97
Suppose -30*t + 496 = 16. Suppose -19*i = -t*i - 1308. List the prime factors of i.
2, 109
List the prime factors of (-1 - ((-3)/(-4) - 64684/16))*3.
3, 449
Suppose 21*d - 25*d - 35960 = -4*s, 4*d = -5*s + 44887. List the prime factors of s.
13, 691
Let a(l) = 25*l + 13. Let w be (-1)/3*-2 - (-16)/3. Let c be a(w). Suppose 5*n = 442 + c. What are the prime factors of n?
11
Suppose 202783 - 18405 = 2*y + 4*k, 2*k = 18. What are the prime factors of y?
61, 1511
Suppose -2*m + 20 = 8. Suppose 0 = m*l - 169 - 2795. Suppose -4*i + 258 = -l. What are the prime factors of i?
2, 47
Let j be (1 + 650/(-20))*12/(-27). Let l(k) = -k**2 + 8*k - 46. Let h(s) = -2*s**2 + 16*s - 92. Let i(t) = 3*h(t) - 7*l(t). What are the prime factors of i(j)?
2, 5, 13
Let v = 16312 - 10806. List the prime factors of v.
2, 2753
Let t(b) = -26*b + 1361. List the prime factors of t(36).
5, 17
Let o = -16315 - -23555. What are the prime factors of o?
2, 5, 181
Suppose 12*b + 13 = 11*b. Let f = b - -16. What are the prime factors of 36/(-12)*(-37 - (f + -2))?
2, 3, 19
Let r(o) = 2*o**3 - 8*o**2 - 12*o - 18. Let j = -121 + 128. List the prime factors of r(j).
2, 3
Let w = 1386 - 316. What are the prime factors of w*9/(3 - -15)?
5, 107
Let y = 15 + 18. Suppose -y*a + 30*a + 483 = 0. List the prime factors of ((-3)/2)/(-1 - a/(-164)).
2, 41
Let t = 26705 - 18201. List the prime factors of t.
2, 1063
Let f(o) = 6*o + 58. Let i be f(-9). List the prime factors of (-571)/(2 - (30/i)/3).
2, 571
Let f = -15 - -20. Let u = f + 15. What are the prime factors of ((-31)/(-2))/(65/u - 3)?
2, 31
Let r(y) = -9*y**2 + y + 6. Let j be r(3). Let m = 78 + j. List the prime factors of (-1220)/(-15) + (-2)/m.
3
Let v(z) = 304*z + 639. Wha